der when 1966378 is divided by 112.
106
Calculate the remainder when 3163 is divided by 12.
7
What is the remainder when 150478 is divided by 342?
340
What is the remainder when 57691 is divided by 473?
458
What is the remainder when 6078 is divided by 7?
2
What is the remainder when 7359 is divided by 319?
22
Calculate the remainder when 7024 is divided by 359.
203
What is the remainder when 198370 is divided by 77?
18
Calculate the remainder when 4096 is divided by 3453.
643
Calculate the remainder when 1193 is divided by 52.
49
Calculate the remainder when 114717 is divided by 325.
317
What is the remainder when 766 is divided by 145?
41
Calculate the remainder when 194681 is divided by 14.
11
Calculate the remainder when 2384 is divided by 47.
34
Calculate the remainder when 1969 is divided by 279.
16
What is the remainder when 1513 is divided by 692?
129
What is the remainder when 92968 is divided by 1119?
91
Calculate the remainder when 3049 is divided by 1015.
4
Calculate the remainder when 2572 is divided by 320.
12
Calculate the remainder when 25127 is divided by 454.
157
Calculate the remainder when 2356 is divided by 164.
60
What is the remainder when 447104 is divided by 12419?
20
What is the remainder when 1389 is divided by 319?
113
What is the remainder when 11640 is divided by 10?
0
Calculate the remainder when 29183 is divided by 4169.
0
What is the remainder when 845 is divided by 174?
149
What is the remainder when 204909 is divided by 73?
71
What is the remainder when 51264 is divided by 869?
862
Calculate the remainder when 28967 is divided by 92.
79
What is the remainder when 3199 is divided by 808?
775
What is the remainder when 29892 is divided by 177?
156
Calculate the remainder when 80079 is divided by 220.
219
What is the remainder when 916 is divided by 458?
0
What is the remainder when 2588 is divided by 24?
20
Calculate the remainder when 4481 is divided by 321.
308
Calculate the remainder when 1288 is divided by 501.
286
Calculate the remainder when 605 is divided by 238.
129
Calculate the remainder when 1186363 is divided by 430.
423
Calculate the remainder when 481158 is divided by 184.
182
What is the remainder when 10698 is divided by 2627?
190
Calculate the remainder when 44 is divided by 30.
14
Calculate the remainder when 8838 is divided by 983.
974
What is the remainder when 5419 is divided by 891?
73
Calculate the remainder when 645782 is divided by 744.
734
Calculate the remainder when 14622 is divided by 4838.
108
Calculate the remainder when 7661 is divided by 45.
11
What is the remainder when 41471 is divided by 377?
1
Calculate the remainder when 68225 is divided by 1552.
1489
Calculate the remainder when 13471 is divided by 8.
7
What is the remainder when 18430 is divided by 108?
70
Calculate the remainder when 4407 is divided by 192.
183
Calculate the remainder when 114029 is divided by 179.
6
What is the remainder when 2432 is divided by 638?
518
What is the remainder when 1169196 is divided by 41?
40
What is the remainder when 3111 is divided by 136?
119
What is the remainder when 45607 is divided by 8?
7
Calculate the remainder when 28715 is divided by 2391.
23
What is the remainder when 954 is divided by 303?
45
Calculate the remainder when 5524 is divided by 1832.
28
What is the remainder when 3309 is divided by 384?
237
What is the remainder when 1239 is divided by 87?
21
Calculate the remainder when 4405 is divided by 2199.
7
Calculate the remainder when 1924 is divided by 246.
202
Calculate the remainder when 43874 is divided by 742.
96
Calculate the remainder when 268718 is divided by 2337.
2300
Calculate the remainder when 151162 is divided by 32.
26
Calculate the remainder when 36463 is divided by 192.
175
Calculate the remainder when 21534 is divided by 60.
54
What is the remainder when 254213 is divided by 19554?
11
What is the remainder when 7945 is divided by 1962?
97
What is the remainder when 31036 is divided by 3447?
13
What is the remainder when 3864 is divided by 42?
0
Calculate the remainder when 8081 is divided by 4023.
35
Calculate the remainder when 4523 is divided by 5.
3
Calculate the remainder when 82451 is divided by 4579.
29
Calculate the remainder when 49183 is divided by 518.
491
Calculate the remainder when 277099 is divided by 3.
1
What is the remainder when 2832 is divided by 312?
24
Calculate the remainder when 5648 is divided by 404.
396
What is the remainder when 2329 is divided by 5?
4
Calculate the remainder when 540969 is divided by 1840.
9
Calculate the remainder when 18157 is divided by 428.
181
What is the remainder when 3150 is divided by 189?
126
What is the remainder when 113077 is divided by 315?
307
What is the remainder when 76377 is divided by 25456?
9
Calculate the remainder when 3428 is divided by 311.
7
What is the remainder when 18708 is divided by 468?
456
Calculate the remainder when 11905053 is divided by 217.
216
Calculate the remainder when 15085 is divided by 222.
211
Calculate the remainder when 33884 is divided by 15.
14
Calculate the remainder when 18709 is divided by 6221.
46
Calculate the remainder when 29118 is divided by 4850.
18
Calculate the remainder when 3269 is divided by 1131.
1007
What is the remainder when 214619 is divided by 14307?
14
Calculate the remainder when 23942 is divided by 5969.
66
Calculate the remainder when 661 is divided by 290.
81
Calculate the remainder when 1973 is divided by 983.
7
Calculate the remainder when 17857 is divided by 88.
81
Calculate the remainder when 85013 is divided by 162.
125
Calculate the remainder when 156670 is divided by 68.
66
What is the remainder when 2072087 is divided by 10?
7
What is the remainder when 1223 is divided by 92?
27
What is the remainder when 141871 is divided by 22?
15
What is the remainder when 4050 is divided by 985?
110
Calculate the remainder when 379670 is divided by 267.
263
What is the remainder when 198187 is divided by 24?
19
What is the remainder when 74667 is divided by 79?
12
What is the remainder when 136456 is divided by 18?
16
Calculate the remainder when 12355 is divided by 12110.
245
What is the remainder when 5020 is divided by 445?
125
Calculate the remainder when 902 is divided by 272.
86
Calculate the remainder when 125383 is divided by 643.
641
What is the remainder when 326108 is divided by 24?
20
What is the remainder when 1179 is divided by 29?
19
Calculate the remainder when 11203 is divided by 431.
428
What is the remainder when 53486 is divided by 182?
160
Calculate the remainder when 99059 is divided by 481.
454
Calculate the remainder when 1538 is divided by 509.
11
Calculate the remainder when 851 is divided by 372.
107
Calculate the remainder when 655 is divided by 298.
59
What is the remainder when 36537 is divided by 18264?
9
Calculate the remainder when 115112 is divided by 5755.
12
Calculate the remainder when 107 is divided by 25.
7
What is the remainder when 105164 is divided by 138?
8
What is the remainder when 44851 is divided by 2?
1
Calculate the remainder when 21521861 is divided by 26.
23
What is the remainder when 14069 is divided by 40?
29
What is the remainder when 79594 is divided by 9?
7
What is the remainder when 2972 is divided by 14?
4
Calculate the remainder when 3307 is divided by 1142.
1023
Calculate the remainder when 1846 is divided by 118.
76
Calculate the remainder when 30126 is divided by 47.
46
Calculate the remainder when 4065207 is divided by 1603.
1602
Calculate the remainder when 12892 is divided by 6438.
16
Calculate the remainder when 8300 is divided by 4139.
22
What is the remainder when 120301 is divided by 2039?
0
What is the remainder when 40351 is divided by 104?
103
Calculate the remainder when 312 is divided by 100.
12
What is the remainder when 7797 is divided by 577?
296
Calculate the remainder when 4385 is divided by 122.
115
Calculate the remainder when 22331 is divided by 76.
63
What is the remainder when 490 is divided by 82?
80
What is the remainder when 84029 is divided by 375?
29
Calculate the remainder when 13178 is divided by 23.
22
What is the remainder when 1724 is divided by 35?
9
What is the remainder when 192758 is divided by 572?
566
What is the remainder when 7456 is d